+ -3. What is the greatest common divisor of n and j?
2
Suppose -1 - 18 = -m. Suppose -3*a + 71 + m = 0. Suppose -2*y = -p - 0*p + a, 0 = -5*y - 25. What is the greatest common factor of p and 80?
20
Let h = -7 + 7. Suppose -9*q + 4*q + 45 = h. Suppose -117 + 477 = 5*c. Calculate the highest common factor of q and c.
9
Suppose -4 + 16 = 3*n. Let i be n/(-1) - (0 + -2). Let r be 0 + i/(-2)*24. Calculate the highest common divisor of 3 and r.
3
Let j = 18 - 11. Let h be j + 1 - (7 + -4). What is the greatest common factor of h and 25?
5
Let n(v) = v**2 - 18*v + 33. Let p be n(19). What is the highest common factor of 13 and p?
13
Suppose -8 - 2 = 5*s. Let t = s - 1. Let w = t + 5. What is the greatest common divisor of 3 and w?
1
Let a = -19 - 44. Let r = 103 - 13. Let p = r + a. Calculate the greatest common factor of 18 and p.
9
Suppose 0 = 5*g - 5*u - 0*u - 20, 3*g - u = 18. Suppose 0 = 2*v + 7 + 1. Let d = v + g. Calculate the highest common divisor of d and 9.
3
Let d(l) = -7*l**3 - 3*l**2 - 4*l - 3. Let n be d(-2). Suppose -36 = -4*c - 4*m, 6 = c + 2*m - 5. What is the highest common factor of n and c?
7
Let d(w) = -2*w - 9. Let g be d(-6). Suppose -g*p = -2*p - 22. Suppose 91 = 5*x + 36. Calculate the greatest common divisor of x and p.
11
Let d(w) be the first derivative of -w**4/4 + 5*w**3/3 - w**2/2 + 2*w + 1. Let n be d(5). Let m = 4 - n. What is the highest common factor of 63 and m?
7
Suppose -3*f - 3*v - 48 = 0, 2*f = 6*f + 5*v + 64. Let w = -10 - f. What is the greatest common factor of w and 54?
6
Suppose r = 4, 5*w = 2*w + r + 164. Let k be 2/3 - (-38)/6. Calculate the greatest common factor of w and k.
7
Let w be (-8)/12 - (-1221)/9. Let b = 127 - 73. Calculate the highest common factor of b and w.
27
Let x(i) = i - 3. Let o be x(5). Let j be ((-12)/(-24))/(2/16). Suppose -o*w = -j*w + 162. Calculate the highest common divisor of 9 and w.
9
Suppose 0 = 2*t - 3*n - 18, -5*t - 5*n - 6 + 1 = 0. What is the greatest common divisor of t and 6?
3
Let f = 112 + -47. Calculate the greatest common divisor of 26 and f.
13
Let a be (-9)/(-6)*(12 - 2). What is the highest common factor of 3 and a?
3
Let f be 3/(-8) + 396/32. Calculate the greatest common factor of 24 and f.
12
Let v = 319 - 219. Calculate the highest common divisor of v and 25.
25
Let c be 10/(-2 + 12/3). Let h be 1/(-5) - (-406)/c. Calculate the highest common factor of h and 9.
9
Suppose -2*h = 2*h - 20. Suppose h*l + 5*x = 0, -3 = -0*l - 5*l - 4*x. What is the greatest common factor of 33 and l?
3
Suppose -d + b = 3*d - 1221, 4*b + 1529 = 5*d. Suppose 10 = 4*j - 2*j, -2*j = -5*x + d. Calculate the greatest common divisor of 9 and x.
9
Let w = 25 - -66. Calculate the highest common factor of 7 and w.
7
Suppose -l = 4*l - 140. Let a be 329/49 - (-4)/14. Let w = 11 - a. What is the highest common factor of w and l?
4
Let g(b) = b**2 - 9*b - 10. Let c be g(-4). What is the greatest common divisor of 6 and c?
6
Let j = 3 + 0. What is the greatest common factor of 15 and j?
3
Let p(u) be the first derivative of -4*u + 13/2*u**2 - 1/3*u**3 + 1. Let m be p(5). What is the greatest common divisor of m and 90?
18
Let s be (-204)/21 + 2/(-7). Let h be 3/(-2)*3*s. Let c = 15 - 6. What is the highest common divisor of c and h?
9
Suppose 47 = -5*c - 83. Let g = 1 - c. Let f = 85 + g. What is the highest common divisor of 14 and f?
14
Let q = 134 - 85. Calculate the highest common factor of q and 14.
7
Suppose 5*j + 250 = 5*h, 2*h - j - 92 = -3*j. What is the greatest common factor of 12 and h?
12
Suppose 21*q = 20*q + 7. Calculate the greatest common divisor of 63 and q.
7
Let y(h) = h**3 + 10*h**2 - h + 2. Let z be y(-10). What is the highest common factor of z and 18?
6
Let p(w) = w**3 + 9*w**2 - w + 7. Let y be p(-9). What is the greatest common factor of y and 48?
16
Suppose -o + 2 = 0, -s + 5*o + 1 = -0. Calculate the highest common factor of 121 and s.
11
Let h be (62/8 - 3) + (-9)/(-36). Calculate the highest common factor of h and 95.
5
Let r(z) = z**2 - 7*z + 7. Let d be r(7). What is the highest common factor of d and 7?
7
Suppose 14 = 5*u - 6. Suppose 0 = 10*z - 7*z - 12. Suppose 4*j + 6*a - a + z = 0, 5*a = -2*j - 12. Calculate the highest common factor of j and u.
4
Let k be 2/3*(0 + 15/10). Let s(b) be the second derivative of 11*b**4/12 - b**2/2 + b. Let p be s(k). Calculate the greatest common factor of 5 and p.
5
Suppose 3*u + l - 4*l - 156 = 0, 0 = u - 3*l - 60. Calculate the greatest common factor of u and 6.
6
Suppose 25*x = 26*x - 168. Calculate the greatest common factor of 21 and x.
21
Suppose w = -o - w + 63, w = -2*o + 114. What is the highest common factor of o and 5?
5
Let z = 3 + -1. What is the highest common divisor of z and 14?
2
Let d(v) = -3*v**3 + v. Let h be d(-1). Let q be 5*h - (-2 + 2). Suppose 4*u - 10 = -u. What is the highest common factor of u and q?
2
Let j(m) = m**2 + 3*m + 5. Let d be j(-5). Let q(t) = 4*t**2 + 4*t - 2. Let i be q(1). What is the greatest common factor of i and d?
3
Suppose 4*q = 3*q, 2*l - q = 54. Let v = l - 22. Let u(w) = w**2 - w + 40. Let s be u(0). Calculate the highest common divisor of s and v.
5
Let c(k) be the first derivative of -k**4/4 + k**3 + 3*k**2 + 1. Let t be c(-4). Suppose -15 = -5*h + 25. What is the highest common divisor of h and t?
8
Let b(w) = -6*w + 9. Let g be b(-11). Calculate the highest common divisor of g and 15.
15
Suppose -148 = -9*m + 896. What is the highest common factor of m and 29?
29
Let m(k) = k**3 + k**2 - 2*k + 4. Let b be m(-3). Let a = b - -23. Suppose -21 = -5*c + 29. Calculate the highest common divisor of a and c.
5
Let s be 4 - (-5)/(5/(-3)). Let n(r) = 21*r**3 + 2*r**2 - r. Let f be n(s). What is the highest common divisor of f and 242?
22
Let f be ((-32)/6)/4*72. Let x(w) = -w**3 - 2*w. Let l be x(-5). Let g = f + l. What is the highest common factor of g and 13?
13
Let o be (-8)/(-36) + 4/(-18). Let f = 18 + o. Calculate the greatest common divisor of 6 and f.
6
Let y(j) = j - 16*j - 5*j + 5 + 0*j. Let r be y(-6). Suppose 0 = 5*b + 25, 2*b = 4*i - 3*b - r. Calculate the greatest common divisor of 5 and i.
5
Suppose 0 = -4*x + 14 + 2. Suppose -287 = -x*s + 153. Calculate the highest common divisor of 10 and s.
10
Suppose q - 13 = -0*m + m, m = -q + 9. Calculate the highest common factor of 44 and q.
11
Let z(n) = -n**2 + 6*n + 9. Let g be z(5). What is the greatest common divisor of g and 2?
2
Suppose 5*a + 1 = h, h + 2 = 3*h. Suppose a = 2*i + 35 - 277. What is the highest common factor of i and 11?
11
Suppose -2 = -2*o, 3*u - 67 + 23 = -2*o. Let i(j) = -j + 20. Let z be i(u). What is the highest common factor of z and 24?
6
Suppose -14*h - 216 = -18*h. Calculate the highest common divisor of h and 6.
6
Suppose 0 = 3*n - 5*n + 68. What is the greatest common divisor of 17 and n?
17
Let i = -6 + 16. What is the greatest common divisor of 5 and i?
5
Let j = -9 - -11. Suppose -2*d + 52 = 3*f, -2*d = 3*f - 2*f - 20. What is the highest common factor of j and f?
2
Let c(x) = x**2 + x + 6. Let w be c(0). What is the highest common divisor of w and 3?
3
Let z = 0 + 5. Suppose 0 = b - z*b + 8. Suppose b = h + 1. Calculate the greatest common divisor of 4 and h.
1
Suppose 0 = 4*y - 5*y + 14. Let v(u) = -u - 6. Let t be v(-10). Suppose 92 = s + t*f, 2*f + 15 = 5. What is the greatest common divisor of y and s?
14
Let g(z) = 3*z + 3. Let q be g(-4). Let r = 18 + q. Calculate the highest common factor of r and 1.
1
Let u(o) = 3 - 70*o**2 - 7 + 71*o**2. Let z = -5 + 9. Let c be u(z). What is the highest common factor of 48 and c?
12
Suppose 2*i + b = 71, 4*i + 0*b - 152 = -4*b. Suppose 117 + i = 3*x. Suppose -2*r = -6*r + 40. What is the greatest common divisor of x and r?
10
Let b = -11 - -23. What is the highest common factor of b and 6?
6
Let b be (2/6)/(20/120). Calculate the greatest common divisor of b and 3.
1
Let y = 1025 - 651. What is the greatest common divisor of y and 34?
34
Let f be 2/(7/((-567)/(-6))). What is the highest common divisor of 3 and f?
3
Let u be ((-24)/20)/((-2)/5). What is the highest common divisor of u and 2?
1
Suppose 4*j + 3*t = 75, -3*t - 65 = -5*j - t. Suppose 4*p - 45 = -5*p. What is the highest common divisor of j and p?
5
Let h(s) = 3*s + 2. L